{"id":3123,"date":"2024-12-19T10:58:02","date_gmt":"2024-12-19T10:58:02","guid":{"rendered":"https:\/\/creativencore.com\/Grandinantest\/?page_id=3123"},"modified":"2025-01-20T02:43:07","modified_gmt":"2025-01-20T02:43:07","slug":"hospitals","status":"publish","type":"page","link":"https:\/\/www.grandinan.com\/pap\/hospitals\/","title":{"rendered":"Hospitalnan"},"content":{"rendered":"<div data-elementor-type=\"wp-page\" data-elementor-id=\"3123\" class=\"elementor elementor-3123\" data-elementor-post-type=\"page\">\n\t\t\t\t<div class=\"elementor-element elementor-element-e7e2c02 e-flex e-con-boxed e-con e-parent\" data-id=\"e7e2c02\" data-element_type=\"container\" data-settings=\"{&quot;background_background&quot;:&quot;classic&quot;}\">\n\t\t\t\t\t<div class=\"e-con-inner\">\n\t\t\t\t<div class=\"elementor-element elementor-element-738893c elementor-widget elementor-widget-heading\" data-id=\"738893c\" data-element_type=\"widget\" data-widget_type=\"heading.default\">\n\t\t\t\t<div class=\"elementor-widget-container\">\n\t\t\t\t\t<h2 class=\"elementor-heading-title elementor-size-default\">Hospitalnan<\/h2>\t\t\t\t<\/div>\n\t\t\t\t<\/div>\n\t\t\t\t\t<\/div>\n\t\t\t\t<\/div>\n\t\t<div class=\"elementor-element elementor-element-63d5b5b e-flex e-con-boxed e-con e-parent\" data-id=\"63d5b5b\" data-element_type=\"container\">\n\t\t\t\t\t<div class=\"e-con-inner\">\n\t\t<div class=\"elementor-element elementor-element-cd9920a e-con-full e-flex e-con e-child\" data-id=\"cd9920a\" data-element_type=\"container\">\n\t\t\t\t<div class=\"elementor-element elementor-element-bd184e2 elementor-widget elementor-widget-wellson_hero_title\" data-id=\"bd184e2\" data-element_type=\"widget\" data-widget_type=\"wellson_hero_title.default\">\n\t\t\t\t<div class=\"elementor-widget-container\">\n\t\t\t\t\t    \n\t    \n    <div class=\"sec-title wellson-title-wrap\">\n        \t\t<span class=\"sub-title te-bn-subtitle\">Hospitalnan na K\u00f2rsou<\/span>                \t\t<h2 class=\"te-bn-title wellson-size-default\">Hospitalnan disponibel na K\u00f2rsou<\/h2>        \t\t    <\/div>\n        \n        \t\t\t\t<\/div>\n\t\t\t\t<\/div>\n\t\t\t\t<div class=\"elementor-element elementor-element-18e4f4d elementor-widget elementor-widget-wellson_hero_title\" data-id=\"18e4f4d\" data-element_type=\"widget\" data-widget_type=\"wellson_hero_title.default\">\n\t\t\t\t<div class=\"elementor-widget-container\">\n\t\t\t\t\t    \n\t    \n    <div class=\"sec-title wellson-title-wrap\">\n                \t\t<h3 class=\"te-bn-title wellson-size-default\"><\/h3>        \t\t        <div class=\"te-bn-text\">\n            <p><p>Hospitalnan ta e pilar di kuido na K\u00f2rsou, dunando servisio m\u00e9diko esensial na komunidat. Nan ta ofres\u00e9 un variedat di servisio di kuido, manera kuido di emergensia, sirugia, diagn\u00f3stico i tratamentu spesialis\u00e1. Asina, residente komo tambe e bishitante por ha\u00f1a atenshon m\u00e9diko kompletu ora ku mester. Hospitalnan tambe tin un rol esensial ora ta trata di inisiativa di sal\u00fa p\u00fabliko, edukashon m\u00e9diko i investigashon, kontribuyendo na bienestar i desaroyo general di e isla.<\/p><p>Aki tin algun Hospital importante na K\u00f2rsou:<\/p><div id=\"awebChromeHelper\" data-version=\"1.23.6\">\u00a0<\/div><\/p>\n        <\/div>\n            <\/div>\n        \n        \t\t\t\t<\/div>\n\t\t\t\t<\/div>\n\t\t\t\t<\/div>\n\t\t<div class=\"elementor-element elementor-element-221cdb0 e-con-full e-flex e-con e-child\" data-id=\"221cdb0\" data-element_type=\"container\">\n\t\t\t\t<div class=\"elementor-element elementor-element-86f4984 elementor-position-left elementor-view-default elementor-mobile-position-top elementor-vertical-align-top elementor-widget elementor-widget-icon-box\" data-id=\"86f4984\" data-element_type=\"widget\" data-widget_type=\"icon-box.default\">\n\t\t\t\t<div class=\"elementor-widget-container\">\n\t\t\t\t\t\t\t<div class=\"elementor-icon-box-wrapper\">\n\n\t\t\t\t\t\t<div class=\"elementor-icon-box-icon\">\n\t\t\t\t<span  class=\"elementor-icon\">\n\t\t\t\t<i aria-hidden=\"true\" class=\"icon icon-checkmark-circle\"><\/i>\t\t\t\t<\/span>\n\t\t\t<\/div>\n\t\t\t\n\t\t\t\t\t\t<div class=\"elementor-icon-box-content\">\n\n\t\t\t\t\t\t\t\t\t<h4 class=\"elementor-icon-box-title\">\n\t\t\t\t\t\t<span  >\n\t\t\t\t\t\t\tCura\u00e7ao Medical Center\t\t\t\t\t\t<\/span>\n\t\t\t\t\t<\/h4>\n\t\t\t\t\n\t\t\t\t\t\t\t\t\t<p class=\"elementor-icon-box-description\">\n\t\t\t\t\t\tE hospital p\u00fabliko prinsipal ku ta duna un servisio m\u00e9diko kompletu, ku ta inklu\u00ed kuido di emergensia, tratamentu spesialis\u00e1 i servisio di diagn\u00f3stico.\n<br>\n<br>\nPhone: (+5999) 745 0000\t\t\t\t\t<\/p>\n\t\t\t\t\n\t\t\t<\/div>\n\t\t\t\n\t\t<\/div>\n\t\t\t\t\t\t<\/div>\n\t\t\t\t<\/div>\n\t\t\t\t<div class=\"elementor-element elementor-element-28538d4 elementor-position-left elementor-view-default elementor-mobile-position-top elementor-vertical-align-top elementor-widget elementor-widget-icon-box\" data-id=\"28538d4\" data-element_type=\"widget\" data-widget_type=\"icon-box.default\">\n\t\t\t\t<div class=\"elementor-widget-container\">\n\t\t\t\t\t\t\t<div class=\"elementor-icon-box-wrapper\">\n\n\t\t\t\t\t\t<div class=\"elementor-icon-box-icon\">\n\t\t\t\t<span  class=\"elementor-icon\">\n\t\t\t\t<i aria-hidden=\"true\" class=\"icon icon-checkmark-circle\"><\/i>\t\t\t\t<\/span>\n\t\t\t<\/div>\n\t\t\t\n\t\t\t\t\t\t<div class=\"elementor-icon-box-content\">\n\n\t\t\t\t\t\t\t\t\t<h3 class=\"elementor-icon-box-title\">\n\t\t\t\t\t\t<span  >\n\t\t\t\t\t\t\tAntillean Adventist Hospital\t\t\t\t\t\t<\/span>\n\t\t\t\t\t<\/h3>\n\t\t\t\t\n\t\t\t\t\t\t\t\t\t<p class=\"elementor-icon-box-description\">\n\t\t\t\t\t\tUn kl\u00ednika priv\u00e1 ku ta duna varios servisio di kuido ku ta inklu\u00ed sirugia, radiolog\u00eda i laboratorio.\u00a0\n<br>\n<br>\nPhone: (+5999) 737 0611\t\t\t\t\t<\/p>\n\t\t\t\t\n\t\t\t<\/div>\n\t\t\t\n\t\t<\/div>\n\t\t\t\t\t\t<\/div>\n\t\t\t\t<\/div>\n\t\t\t\t<div class=\"elementor-element elementor-element-1ea1e5e elementor-position-left elementor-view-default elementor-mobile-position-top elementor-vertical-align-top elementor-widget elementor-widget-icon-box\" data-id=\"1ea1e5e\" data-element_type=\"widget\" data-widget_type=\"icon-box.default\">\n\t\t\t\t<div class=\"elementor-widget-container\">\n\t\t\t\t\t\t\t<div class=\"elementor-icon-box-wrapper\">\n\n\t\t\t\t\t\t<div class=\"elementor-icon-box-icon\">\n\t\t\t\t<span  class=\"elementor-icon\">\n\t\t\t\t<i aria-hidden=\"true\" class=\"icon icon-checkmark-circle\"><\/i>\t\t\t\t<\/span>\n\t\t\t<\/div>\n\t\t\t\n\t\t\t\t\t\t<div class=\"elementor-icon-box-content\">\n\n\t\t\t\t\t\t\t\t\t<h3 class=\"elementor-icon-box-title\">\n\t\t\t\t\t\t<span  >\n\t\t\t\t\t\t\tCura\u00e7ao International Clinic\t\t\t\t\t\t<\/span>\n\t\t\t\t\t<\/h3>\n\t\t\t\t\n\t\t\t\t\t\t\t\t\t<p class=\"elementor-icon-box-description\">\n\t\t\t\t\t\tUn sentro m\u00e9diko ku ta brind\u00e1 kuido spesialis\u00e1, ku un enfoke spesial riba bishitante internashonal.\u00a0\n<br>\n<br>\nPhone: +5999 788 2020\t\t\t\t\t<\/p>\n\t\t\t\t\n\t\t\t<\/div>\n\t\t\t\n\t\t<\/div>\n\t\t\t\t\t\t<\/div>\n\t\t\t\t<\/div>\n\t\t\t\t<\/div>\n\t\t<div class=\"elementor-element elementor-element-17eaea9 e-con-full e-flex e-con e-child\" data-id=\"17eaea9\" data-element_type=\"container\">\n\t\t\t\t<div class=\"elementor-element elementor-element-cc88689 elementor-widget elementor-widget-image\" data-id=\"cc88689\" data-element_type=\"widget\" data-widget_type=\"image.default\">\n\t\t\t\t<div class=\"elementor-widget-container\">\n\t\t\t\t\t\t\t\t\t\t\t\t\t\t\t<img fetchpriority=\"high\" decoding=\"async\" width=\"400\" height=\"600\" src=\"https:\/\/www.grandinan.com\/wp-content\/uploads\/2025\/01\/grandinanverti2.jpg\" class=\"attachment-large size-large wp-image-3208\" alt=\"\" srcset=\"https:\/\/www.grandinan.com\/wp-content\/uploads\/2025\/01\/grandinanverti2.jpg 400w, https:\/\/www.grandinan.com\/wp-content\/uploads\/2025\/01\/grandinanverti2-200x300.jpg 200w\" sizes=\"(max-width: 400px) 100vw, 400px\" \/>\t\t\t\t\t\t\t\t\t\t\t\t\t\t\t<\/div>\n\t\t\t\t<\/div>\n\t\t\t\t<\/div>\n\t\t\t\t\t<\/div>\n\t\t\t\t<\/div>\n\t\t\t\t<\/div>","protected":false},"excerpt":{"rendered":"<p>Hospitals Hospitals in Curacao Available Hospitals in Curacao Hospitals are the cornerstone of healthcare in Cura\u00e7ao, providing essential medical services to the community. They offer a wide range of healthcare services, including emergency care, surgeries, diagnostics, and specialized treatments, ensuring that residents and visitors have access to comprehensive medical attention when needed. Hospitals also play [&hellip;]<\/p>","protected":false},"author":1,"featured_media":0,"parent":0,"menu_order":0,"comment_status":"closed","ping_status":"closed","template":"tpl-default-elementor.php","meta":{"footnotes":""},"class_list":["post-3123","page","type-page","status-publish","hentry"],"_links":{"self":[{"href":"https:\/\/www.grandinan.com\/pap\/wp-json\/wp\/v2\/pages\/3123","targetHints":{"allow":["GET"]}}],"collection":[{"href":"https:\/\/www.grandinan.com\/pap\/wp-json\/wp\/v2\/pages"}],"about":[{"href":"https:\/\/www.grandinan.com\/pap\/wp-json\/wp\/v2\/types\/page"}],"author":[{"embeddable":true,"href":"https:\/\/www.grandinan.com\/pap\/wp-json\/wp\/v2\/users\/1"}],"replies":[{"embeddable":true,"href":"https:\/\/www.grandinan.com\/pap\/wp-json\/wp\/v2\/comments?post=3123"}],"version-history":[{"count":10,"href":"https:\/\/www.grandinan.com\/pap\/wp-json\/wp\/v2\/pages\/3123\/revisions"}],"predecessor-version":[{"id":3211,"href":"https:\/\/www.grandinan.com\/pap\/wp-json\/wp\/v2\/pages\/3123\/revisions\/3211"}],"wp:attachment":[{"href":"https:\/\/www.grandinan.com\/pap\/wp-json\/wp\/v2\/media?parent=3123"}],"curies":[{"name":"wp","href":"https:\/\/api.w.org\/{rel}","templated":true}]}}